{"id":2338,"date":"2025-04-12T16:21:35","date_gmt":"2025-04-12T22:21:35","guid":{"rendered":"https:\/\/extremecomputadoras.com\/portal\/?post_type=product&#038;p=2338"},"modified":"2025-04-12T19:19:26","modified_gmt":"2025-04-13T01:19:26","slug":"escaner-de-documentos-duplex-a-color-epson-ds-530-ii","status":"publish","type":"product","link":"https:\/\/extremecomputadoras.com\/portal\/shop\/escaner-de-documentos-duplex-a-color-epson-ds-530-ii\/","title":{"rendered":"Esc\u00e1ner de Documentos D\u00faplex a Color Epson DS-530 II"},"content":{"rendered":"<h3 class=\"head-line\">El esc\u00e1ner a color r\u00e1pido y confiable para una gesti\u00f3n de documentos eficiente<\/h3>\n<p><span class=\"sub-desc\">El esc\u00e1ner de documentos d\u00faplex a color DS-530 II es la opci\u00f3n inteligente para la gesti\u00f3n de documentos empresariales, ya que ofrece un rendimiento r\u00e1pido y eficiente. Con velocidades de hasta 35 ppm \/ 70 ipm<sup>1<\/sup>, este potente y compacto rendimiento ofrece un ciclo de trabajo m\u00e1ximo diario de hasta 4.000 hojas<sup>2<\/sup>\u00a0e incluye controladores TWAIN e ISIS\u00ae para una integraci\u00f3n perfecta con la mayor\u00eda de los sistemas de gesti\u00f3n de documentos existentes. Las tecnolog\u00edas avanzadas de alimentaci\u00f3n de papel, como la eliminaci\u00f3n de p\u00e1ginas en blanco, la rotaci\u00f3n autom\u00e1tica, el recorte autom\u00e1tico, la detecci\u00f3n de suciedad y la protecci\u00f3n del papel, ayudan a mejorar la productividad, mientras que un alimentador autom\u00e1tico de documentos de 50 p\u00e1ginas ahorra tiempo.<\/span><\/p>\n<p>&nbsp;<\/p>\n<h4><strong>Especificaciones del Esc\u00e1ner:<\/strong><\/h4>\n<hr \/>\n<p><strong>Tipo de Esc\u00e1ner:<\/strong>Esc\u00e1ner a color d\u00faplex de una pasada con alimentaci\u00f3n de hojas<\/p>\n<p><strong>Sensor:<\/strong>Sensor de imagen de contacto a color (CIS)<\/p>\n<p><strong>Resoluci\u00f3n \u00d3ptica:<\/strong>600 dpi<\/p>\n<p><strong>Resoluci\u00f3n M\u00e1xima:<\/strong>1.200 dpi interpolada<\/p>\n<p><strong>Profundidad del Bit de Color:<\/strong>RGB: 30 bits de entrada\/24 bits de salida<\/p>\n<p><strong>Caracter\u00edsticas del esc\u00e1ner:<\/strong>Carro fijo y documento en movimiento<\/p>\n<p><strong>M\u00e1xima Superficie de Digitalizaci\u00f3n:<\/strong>M\u00ednimo: 5,1 cm x 5,1 cm (2&#8243; x 2&#8243;)<br \/>\nM\u00e1ximo: 21,6 cm x 609,6 cm (8,5&#8243; x 240&#8243;) a 200 dpi<br \/>\nM\u00e1ximo: 21,6 cm x 546,1 cm (8,5&#8243; x 215&#8243;) a 300 dpi<\/p>\n<p><strong>Fuente de Luz:<\/strong>LED RGB de 3 colores<\/p>\n<p><strong>Velocidad de Escaneo:<\/strong>Blanco y negro, color, escala de grises, 300 dpi y 300 dpi: 35 ppm (simplex)\/70 ipm (d\u00faplex)<\/p>\n<p><strong>Capacidad:<\/strong>50 p\u00e1ginas<\/p>\n<p><strong>Ciclo Diario de Trabajo:<\/strong><\/p>\n<p>Hasta 4.000 p\u00e1ginas\u00b2<br \/>\nKit para rodillo: 200.000 ciclos<\/p>\n<p><strong>Peso del Papel:<\/strong>27 g\/m\u00b2 \u2013 413 g\/m\u00b2<\/p>\n<p><strong>Detecci\u00f3n de Doble Alimentaci\u00f3n:<\/strong>S\u00ed<\/p>\n<p><strong>Sistemas de Operaci\u00f3n:<\/strong>Windows\u00ae 10, Windows\u00ae 8\/8.1, Windows\u00ae 7<br \/>\nMac OS X\u00ae 10.10.x \u2013 Mac OS\u00ae 10.15.x<br \/>\nEl software requiere conexi\u00f3n a internet para descargar e instalar<\/p>\n<p><strong>Peso:<\/strong>3,7 kg<\/p>\n","protected":false},"excerpt":{"rendered":"<p>El esc\u00e1ner a color r\u00e1pido y confiable para una gesti\u00f3n de documentos eficiente El esc\u00e1ner de documentos d\u00faplex a color DS-530 II es la opci\u00f3n inteligente para la gesti\u00f3n de documentos empresariales, ya que ofrece un rendimiento r\u00e1pido y eficiente. Con velocidades de hasta 35 ppm \/ 70 ipm1, este potente y compacto rendimiento ofrece [&hellip;]<\/p>\n","protected":false},"featured_media":2339,"template":"","meta":[],"product_brand":[],"product_cat":[78],"product_tag":[],"class_list":{"0":"post-2338","1":"product","2":"type-product","3":"status-publish","4":"has-post-thumbnail","6":"product_cat-scanner","8":"first","9":"instock","10":"taxable","11":"shipping-taxable","12":"purchasable","13":"product-type-simple"},"_links":{"self":[{"href":"https:\/\/extremecomputadoras.com\/portal\/wp-json\/wp\/v2\/product\/2338","targetHints":{"allow":["GET"]}}],"collection":[{"href":"https:\/\/extremecomputadoras.com\/portal\/wp-json\/wp\/v2\/product"}],"about":[{"href":"https:\/\/extremecomputadoras.com\/portal\/wp-json\/wp\/v2\/types\/product"}],"version-history":[{"count":2,"href":"https:\/\/extremecomputadoras.com\/portal\/wp-json\/wp\/v2\/product\/2338\/revisions"}],"predecessor-version":[{"id":2343,"href":"https:\/\/extremecomputadoras.com\/portal\/wp-json\/wp\/v2\/product\/2338\/revisions\/2343"}],"wp:featuredmedia":[{"embeddable":true,"href":"https:\/\/extremecomputadoras.com\/portal\/wp-json\/wp\/v2\/media\/2339"}],"wp:attachment":[{"href":"https:\/\/extremecomputadoras.com\/portal\/wp-json\/wp\/v2\/media?parent=2338"}],"wp:term":[{"taxonomy":"product_brand","embeddable":true,"href":"https:\/\/extremecomputadoras.com\/portal\/wp-json\/wp\/v2\/product_brand?post=2338"},{"taxonomy":"product_cat","embeddable":true,"href":"https:\/\/extremecomputadoras.com\/portal\/wp-json\/wp\/v2\/product_cat?post=2338"},{"taxonomy":"product_tag","embeddable":true,"href":"https:\/\/extremecomputadoras.com\/portal\/wp-json\/wp\/v2\/product_tag?post=2338"}],"curies":[{"name":"wp","href":"https:\/\/api.w.org\/{rel}","templated":true}]}}